{"id":37,"date":"2023-08-10T10:00:07","date_gmt":"2023-08-10T16:00:07","guid":{"rendered":"https:\/\/redonline.tech\/?post_type=product&#038;p=37"},"modified":"2023-09-10T17:38:17","modified_gmt":"2023-09-10T23:38:17","slug":"instalacion-del-paquete-de-office","status":"publish","type":"product","link":"https:\/\/redonline.click\/?product=instalacion-del-paquete-de-office","title":{"rendered":"Instalacion del paquete de Office"},"content":{"rendered":"<p>\u00bfNecesitas Office en tus dispositivos de forma \u00e1gil? Nuestra Instalaci\u00f3n Remota de Office es la respuesta. Te proporcionamos una instalaci\u00f3n con una version m\u00e1s ligera pero completa y eficiente para esas computadoras lentas, para que puedas comenzar a trabajar de inmediato, ofrecemos instalaci\u00f3n v\u00eda AnyDesk para tu comodidad.<\/p>\n","protected":false},"excerpt":{"rendered":"<p>\u00bfNecesitas Office en tus dispositivos de forma \u00e1gil? Nuestra Instalaci\u00f3n Remota de Office es la respuesta. Te proporcionamos una instalaci\u00f3n con una version m\u00e1s ligera pero completa y eficiente para esas computadoras lentas, para que puedas comenzar a trabajar de inmediato, ofrecemos instalaci\u00f3n v\u00eda AnyDesk para tu comodidad.<\/p>\n","protected":false},"featured_media":86,"comment_status":"open","ping_status":"closed","template":"","meta":[],"product_cat":[26,20],"product_tag":[22],"class_list":{"0":"post-37","1":"product","2":"type-product","3":"status-publish","4":"has-post-thumbnail","6":"product_cat-activaciones","7":"product_cat-servicios","8":"product_tag-office","10":"first","11":"instock","12":"downloadable","13":"virtual","14":"taxable","15":"purchasable","16":"product-type-simple"},"_links":{"self":[{"href":"https:\/\/redonline.click\/index.php?rest_route=\/wp\/v2\/product\/37","targetHints":{"allow":["GET"]}}],"collection":[{"href":"https:\/\/redonline.click\/index.php?rest_route=\/wp\/v2\/product"}],"about":[{"href":"https:\/\/redonline.click\/index.php?rest_route=\/wp\/v2\/types\/product"}],"replies":[{"embeddable":true,"href":"https:\/\/redonline.click\/index.php?rest_route=%2Fwp%2Fv2%2Fcomments&post=37"}],"wp:featuredmedia":[{"embeddable":true,"href":"https:\/\/redonline.click\/index.php?rest_route=\/wp\/v2\/media\/86"}],"wp:attachment":[{"href":"https:\/\/redonline.click\/index.php?rest_route=%2Fwp%2Fv2%2Fmedia&parent=37"}],"wp:term":[{"taxonomy":"product_cat","embeddable":true,"href":"https:\/\/redonline.click\/index.php?rest_route=%2Fwp%2Fv2%2Fproduct_cat&post=37"},{"taxonomy":"product_tag","embeddable":true,"href":"https:\/\/redonline.click\/index.php?rest_route=%2Fwp%2Fv2%2Fproduct_tag&post=37"}],"curies":[{"name":"wp","href":"https:\/\/api.w.org\/{rel}","templated":true}]}}